90 - 295)?
7
What is (-12 + 15 - 25) + 32?
10
Evaluate 3 - (2 - -1 - 6) - 1.
5
What is (-20 - 7) + (-3 - -19) + 21?
10
What is -14 + 34 + -16 + -16 - 12?
-24
What is the value of 177 + -173 - (10 + -2)?
-4
What is -17 + (5 - (-42 + 20))?
10
Evaluate (15 - 13) + -28 + -2 + -4 + 3.
-29
What is the value of 11 + 0 + (5 + -6 - 8)?
2
What is (0 - (12 + -2 + -9) - -8) + 19?
26
8 + -14 + (-7 - -4 - 3) + 18
6
2 + 48 + -48 + 52 + -23
31
What is the value of -14 - (-28 + (9 - 3))?
8
1 - 7 - (10 + -21)
5
(13 - (45 - 18)) + (5 - 0)
-9
What is the value of 9 + (-17 + (8 - 0) - -5)?
5
What is the value of -13 - (-10 + (9 - 15) + 25)?
-22
23 - (13 + 0 + 10 + -19)
19
What is 0 - -26 - (-86 + 57 - (-16 - 2))?
37
What is the value of (-6 - 40) + -3 + 3 + (-14 - -26)?
-34
What is the value of -15 + 52 + -62 + 48?
23
Evaluate 28 + (-7 - 12) - (-6 - -21).
-6
Calculate (3 - (14 + -24)) + -13.
0
What is the value of -2 + (-14 - -8) + 1 + -3 + 17?
7
What is 36 - (29 - (-4 - 30))?
-27
Evaluate (5 - (5 + 4)) + 11 - 4.
3
Calculate (7 + 27 + -4 - 6) + -10.
14
What is 5 + (13 - (18 - -2)) + -5?
-7
3 - (-24 - -29 - (2 + 18)) - 4
14
Calculate -49 - -47 - (7 + -1 - 3).
-5
What is 15 + (-19 - (13 - -5 - 27))?
5
Calculate 0 + -18 + 7 + 16.
5
(8 - (31 + 3)) + (5 - (-5 - -11))
-27
(31 - 25) + 3 + -18 + -5
-14
Calculate -30 + 43 + (1 - -2) + -32.
-16
What is 9 + (-16 - (-1 - 7)) - -9?
10
Calculate 132 - 164 - (-65 - -1).
32
-9 - -1 - (378 - 389)
3
Evaluate 7 + -1 + -10 - (-9 + -1).
6
Calculate (-6 - 1 - 3) + 1 - (-2 - 3).
-4
What is the value of -4 + 5 + -3 + (-4 - -5 - -2)?
1
What is the value of 23 - (9 + (-16 - -13) + 0)?
17
Evaluate -11 + (12 - 4) - (3 + -13 + -3).
10
What is the value of (-35 - 0) + 35 + -23 + -1?
-24
Calculate -33 + (-5 - -16 - (13 + (6 - 15))).
-26
Evaluate -36 - (0 + 2 - 21).
-17
What is the value of -24 + 1 - (11 + -10)?
-24
What is 4 - ((4 + 1 - -10) + 0 - -10)?
-21
Calculate 1 - (-9 + 15 - (5 - -4) - -12).
-8
Calculate -8 - (-43 + 44 - (7 - -1)).
-1
What is the value of -3 + (13 - 5) + -15?
-10
What is the value of 22 + 0 + -9 - 22?
-9
Calculate -20 - (-6 + (15 + -7 - 2 - 2)).
-18
Evaluate -44 - (30 + -89 + 29).
-14
Calculate -5 - (12 - (0 - -20)).
3
Calculate 6 - -1 - (-9 - (-16 + 10 - -5)).
15
-3 + (13 - 18) + (-2 - 2)
-12
What is -93 + 102 - (2 - (2 + -5 + 5))?
9
What is the value of -17 + -11 + 35 - (2 - -2)?
3
What is the value of (3 - 12) + 12 + -12?
-9
What is 5 - (23 - (6 + 0 - 7))?
-19
Calculate -4 - (-5 + (9 - 7) + 4 + 5).
-10
What is the value of -12 + 3 + 17 - 15?
-7
Evaluate (13 - 2) + (-52 - -54).
13
0 - -7 - (6 + 8 + -14 + 6)
1
What is 1 + -1 + (184 - 205)?
-21
(-26 - -18) + 27 - 11
8
Calculate 6 + 11 + -2 + (4 - 13).
6
What is the value of 75 - (8 - -30) - -3?
40
Calculate 31 - (18 - (22 + -21)).
14
What is 6 - ((-9 + 1 - -4) + 11) - 8?
-9
What is the value of (-9 - -8) + (-5 - 9)?
-15
Evaluate -12 - (-12 + -3 + 11).
-8
Evaluate -26 - 1 - (-57 - -37).
-7
Calculate -12 + 11 + 0 + -7 - -10 - -15.
17
Calculate 0 - 21 - ((-18 - (-23 + 17)) + 12).
-21
What is the value of -57 + 69 + (1 - 4)?
9
11 - ((-4 - 8) + (5 - -3))
15
Calculate (-1 - (6 + -23 - -4)) + 15.
27
What is 2 - (-41 + (-20 - -29))?
34
What is -143 + 146 + (5 - 9) + 22?
21
What is 18 - ((-2 - (-1 - -4)) + 13)?
10
Calculate 6 + 1 - (-116 + 114).
9
What is 9 + -11 + 9 + -11?
-4
Evaluate -53 - -66 - (-1 - -2).
12
Evaluate (1 - 10) + (-11 - (13 - (-3 + 21))).
-15
What is the value of 11 + -1 - (-12 - 13 - -24)?
11
What is (-21 - (4 - 12) - 6) + 8 + -1?
-12
Calculate -7 + -1 + -8 + 21 + -1 + 8.
12
What is -6 - (26 + -24 - (-7 - (-3 - -2)))?
-14
21 - (1 + 4 + -6 + 7) - 1
14
Evaluate 25 + (16 - 14 - 25).
2
What is 4 + (-13 - (5 - 10))?
-4
What is 5 - (13 - (-8 - (0 + 6 + -19)))?
-3
Calculate -6 + 5 - 0 - (-10 - -2).
7
Evaluate (1 + -2 - -1) + (-13 - 23 - -32).
-4
What is the value of -6 - ((-11 - -6 - 5) + (-6 - -14))?
-4
Calculate (7 - 11) + -17 + 19.
-2
What is the value of -20 - (-5 - -6) - -10?
-11
Evaluate (0 - 0) + -3 + 36 + -29 - -3.
7
What is 114 + -102 - (-1 - 0)?
13
13 + -7 - (1 - 2) - -2
9
-1 + 1 - (-2 + 7) - (-66 - -47)
14
What is -4 - (-3 + 3) - ((-4 - -2) + 1)?
-3
Evaluate -4 + 0 + -12 + 23.
7
Evaluate 53 + -45 - 33 - 1.
-26
What is the value of (3 - 2) + -9 + 22 + -20?
-6
What is (7 - (-15 + (-2 - -11))) + 1?
14
Calculate (4 - (2 - 2)) + 7 + -24 + 17.
4
Calculate (12 - (-13 + (29 - 2))) + (-3 - 4).
-9
Calculate 4 - (3 + 8) - -13.
6
What is the value of -8 - -1 - -1 - (-37 - -9 - -12)?
10
What is the value of 1 + 12 + 9 + -24 + 15?
13
Evaluate 0 + 15 + 3 + 72 + -78.
12
(4 - (3 - 14)) + (187 - 219)
-17
What is the value of -33 + (8 - -21) - -12?
8
What is (-1 - -2) + (11 - -14 - (2 + 5))?
19
Calculate 12 + 3 + (8 - 10) - 8.
5
What is the value of (-1 - 6) + (-9 - (-16 + 1))?
-1
What is 19 + (25 + -5 - 26)?
13
Evaluate -6 + -6 - (5 - (-5 - -18)).
-4
Evaluate -3 + 3 + (-5 - -6) + 4.
5
Calculate 33 + (-3 - 8) + -1.
21
What is the value of 5 - -18 - (-73 - -72)?
24
Calculate -15 + (0 + 5 - 0) - (-16 + -13).
19
What is the value of (1 - 7) + 11 - -4 - -1?
10
What is (-24 - 22) + 23 + 57?
34
What is (21 - 20) + 19 + -9?
11
-48 + 37 - (-3 - -2)
-10
What is -35 + -29 - -45 - (1 - -3 - -1)?
-24
-5 - (8 - (18 - (-13 - -14)))
4
Calculate 1 - 11 - (2 + -8 + 6 + 6).
-16
Evaluate -5 - -5 - -10 - 2 - (-2 + 3).
7
What is the value of 32 + -16 + 5 - (2 + 0 + 4)?
15
Calculate -12 + 31 + (-35 - 1).
-17
What is the value of -13 + (-9 + -12 + 17 - -4)?
-13
Evaluate -4340 - -4349 - (2 + -1 + -6).
14
Calculate -4 + (1 - -5) + (3 + -2 - 6).
-3
(-6 - (4 + -16) - -10) + -14
2
Evaluate -1 - (-20 + (1 - 11) + 20).
9
What is the value of 3 + -4 + -4 + (26 - 25)?
-4
Evaluate -12 - (-9 - (-2 - 16) - 6).
-15
What is the value of (-9 - (-9 + 12)) + (20 - (7 - -1))?
0
What is (5 + -17 - -20) + -13?
-5
-57 + 88 + -17 + -1
13
What is the value of -2 + (6 - -3) + -13 - (-3 - 2)?
-1
What is the value of -4 - -1 - (-5 + -2 + 5)?
-1
Evaluate (4 - -7 - 23) + 11.
-1
17 - (0 - -6 - (57 - 54))
14
What is -35 - -28 - -10 - (0 - 18)?
21
Evaluate 12 + 1 - (45 - 26).
-6
Calculate 22 + 1 + -2 - (-211 + 213).
19
What is the value of -5 - -6 - (90 - 67)?
-22
What is the value of (-6 - (10 - (-6 - -19))) + -30 + 5?
-28
What is the value of (-3 - (-18 - -2)) + 18 + -12?
19
Evaluate 3 - (-48 + 49 + (-18 - (2 + 1))).
23
Calculate (3 - -20) + (-13 - (-19 + 16)).
13
What is the value of -21 + 27 + (5 - 2 - (2 + -1))?
8
Evaluate -3 - -2 - (11 - (2 - 0)) - -3.
-7
-1 - (-22 + 14 - -28)
-21
What is the value of 2 + 9 - (-876 + 870)?
17
What is the value of (2 + 1 - (26 + -27 + 33)) + 0?
-29
-4 + (30 - 42) + 25
9
What is the value of (-444 - -440) + (-1 - -13) - (-11 - -1)?
18
4 - (-7 - (-24 - 10) - (-3 - -3))
-23
(-31 - (18 + -36)) + -6 - 3
-22
-36 + 30 + -7 + 22
9
What is -18 + 18 + 16 - 7?
9
What is -53 - (-4 + -45) - (-2 - (-11 + 1))?
-12
Calculate (-16 - 1) + (-98 - -110) + 1.
-4
-8 + 27 + 2 + (2 - (16 - 8))
15
10 + 0 + (14 - 22) + -8
-6
What is -10 - -5 - (4 - 23) - 1 - 2?
11
Evaluate (-18 - -28) + (-18 - -5).
-3
Calculate -11 + 9 + (5 + -11 - -4).
-4
Evaluate -1 - -1 - (-16 - (6 - (-8 - -16))).
14
Calculate -27 + (3 + 1 - (94 + -98)).
-19
Evaluate ((9 - 2) + -7 - 5) + -9.
-14
What is -7 - -4 - 20 - (26 - 38)?
-11
What is the value of (-13 - 3) + (263 - 251)?
-4
What is -13 + 12 + -20 + (7 - (-3 + -1))?
-10
2 - (-6 + 2 - (5 + 1)) - -4
16
Evaluate 4 + (-11 - -6 - -8) - -4.
11
(9 - 9) + 0 - (9 + -15)
6
What is the value of 18 - (15 - ((13 - 6) + -2))?
8
Evaluate 13 + (24 - 19 - 29).
-11
144 + -149 + -1 + 0 + 7
1
Evaluate (-2 - 2 - -1) + 7 - (8 - 3).
-1
25 + (12 - 7) + -16
14
Evaluate (15 - 32 - -26) + 2.
11
(8 - 1) + -1 + (5 - (11 + -5))
5
Evaluate 0 + -39 + 15 + -23 + 25.
-22
Evaluate 31 + 2 + 13 + -42.
4
What is -3 + (2 - (9 - 8)) - -4?
2
Evaluate (-15 - (-18 + 8)) + 1 - 3.
-7
What is the value of 7 + -1 + (6 - (2 - -3)) - 26?
-19
369 - 391 - (0 - 14)
-8
Evaluate 23 + -5 + -6 + 1 - 13.
0
Calculate -6 - 0 - ((7 - 1) + -8).
-4
-15 - (12 + -7 - 10)
-10
Calculate (24 + 6 - -2 - 22) + (1 - 5).
6
What is 57 + -58 - (0 + (2 - -21 - -4))?
-28
Evaluate (26 - -5) + -34 + 16 + 1.
14
What is 474 + -480 + (-2 - -4 - 8) - -48?
36
(-3 - (-50 - -10)) + -56
-19
Evaluate 7 - (-2 - (-13 + -1)) - -10.
5
Evaluate 0 + -11 + 51 + -30.
10
Evaluat